5524727 a prime number?
False
Is 3069269 composite?
True
Is 112156103 prime?
False
Is 4649383 a prime number?
False
Is 1023199 a composite number?
False
Is 5385169 composite?
True
Is 20803205 a composite number?
True
Is 3348853 prime?
True
Is 30562271 a composite number?
False
Is 10268473 composite?
False
Is 38408537 a composite number?
True
Is 5361941 a composite number?
True
Is 7124171 composite?
False
Is 6739709 a composite number?
False
Is 21911887 a composite number?
False
Is 2850923 prime?
False
Is 191973757 composite?
True
Is 25180289 a composite number?
False
Is 3703429 a prime number?
True
Is 37317613 a composite number?
False
Is 47329951 a composite number?
False
Is 204084697 prime?
False
Is 2125954 a prime number?
False
Is 38167547 composite?
True
Is 50039277 a prime number?
False
Is 81809911 a composite number?
False
Is 179089565 a composite number?
True
Is 310776073 prime?
True
Is 987457 composite?
False
Is 69537197 prime?
True
Is 16178881 composite?
False
Is 2384813 prime?
True
Is 44108891 a prime number?
False
Is 53344663 prime?
False
Is 3314321 a prime number?
False
Is 10633757 composite?
False
Is 12533 composite?
True
Is 78899 composite?
True
Is 50677103 prime?
True
Is 28016477 a composite number?
False
Is 38572517 a prime number?
False
Is 3279667 prime?
False
Is 905381 composite?
False
Is 17115949 a composite number?
False
Is 680052137 a prime number?
False
Is 3591947 a prime number?
False
Is 309559 a prime number?
True
Is 69179027 prime?
False
Is 23271217 composite?
False
Is 19796935 prime?
False
Is 24992537 a prime number?
True
Is 49711423 composite?
True
Is 126481 prime?
True
Is 263713 a prime number?
False
Is 48463313 prime?
False
Is 248318555 a composite number?
True
Is 1334167 composite?
True
Is 72438427 prime?
True
Is 5844251 composite?
True
Is 45595519 a composite number?
False
Is 109467839 a prime number?
False
Is 1646509 a prime number?
True
Is 2850619 a prime number?
True
Is 33086302 composite?
True
Is 343279109 composite?
False
Is 101833 prime?
True
Is 53808379 a prime number?
True
Is 27737509 prime?
True
Is 1489627 a composite number?
False
Is 188711261 composite?
False
Is 2360069 prime?
True
Is 456105521 a prime number?
True
Is 41872007 a composite number?
False
Is 2504401 prime?
False
Is 53460989 composite?
True
Is 228272839 a composite number?
True
Is 84907829 composite?
False
Is 18715117 prime?
True
Is 46322709 composite?
True
Is 89774479 a prime number?
True
Is 34169987 composite?
True
Is 9686641 a prime number?
False
Is 13247479 a composite number?
True
Is 99185927 a prime number?
False
Is 5737961 a prime number?
True
Is 57141067 prime?
False
Is 106705637 a prime number?
True
Is 56844511 composite?
False
Is 19069 a prime number?
True
Is 2742161 composite?
False
Is 26697851 prime?
False
Is 58022033 composite?
False
Is 497558 prime?
False
Is 51212459 composite?
False
Is 12352507 a composite number?
True
Is 3572321 a composite number?
False
Is 52266893 prime?
False
Is 130037357 prime?
False
Is 8008837 a prime number?
False
Is 29962843 a prime number?
False
Is 31687714 prime?
False
Is 26681393 a prime number?
False
Is 4693987 prime?
True
Is 3466139 composite?
False
Is 19469381 a prime number?
False
Is 1474331 a prime number?
False
Is 1025887 a composite number?
False
Is 7254307 a composite number?
False
Is 24818573 a composite number?
True
Is 2641319 composite?
True
Is 67454197 a prime number?
True
Is 76413503 prime?
True
Is 25427539 a prime number?
True
Is 19636021 prime?
True
Is 9778301 composite?
True
Is 1151417 a composite number?
False
Is 48965935 prime?
False
Is 6150377 a prime number?
True
Is 12794245 a prime number?
False
Is 66293317 a prime number?
False
Is 22975559 prime?
False
Is 2426367 a prime number?
False
Is 14524777 a prime number?
True
Is 295474103 a prime number?
True
Is 22014763 a composite number?
False
Is 85703179 prime?
True
Is 3897331 a prime number?
True
Is 7889101 prime?
False
Is 802917421 a prime number?
True
Is 19257727 a composite number?
True
Is 24311083 prime?
True
Is 13763261 composite?
False
Is 67976873 composite?
False
Is 6401011 a prime number?
True
Is 68040191 a prime number?
True
Is 7294307 prime?
False
Is 3716029 composite?
False
Is 27843553 a composite number?
False
Is 963943 a prime number?
True
Is 1112882 prime?
False
Is 96422687 composite?
False
Is 63694357 prime?
True
Is 73181321 composite?
False
Is 74714 prime?
False
Is 8425133 a composite number?
False
Is 1948643 a prime number?
False
Is 202585139 a composite number?
False
Is 6345499 a composite number?
True
Is 40711733 a prime number?
True
Is 4772609 a prime number?
False
Is 9046067 prime?
True
Is 35930821 a prime number?
True
Is 1315406801 a prime number?
False
Is 1912529 a prime number?
True
Is 79293641 prime?
False
Is 159113 prime?
True
Is 10043371 a composite number?
True
Is 2174059 a prime number?
False
Is 31956493 composite?
True
Is 420999019 composite?
True
Is 1201783 prime?
False
Is 48526178 composite?
True
Is 30049903 composite?
True
Is 13834579 a prime number?
False
Is 109762711 prime?
True
Is 94735801 composite?
True
Is 3103381 a composite number?
False
Is 4279007 a composite number?
False
Is 1382207 prime?
True
Is 584966845 composite?
True
Is 15167081 a composite number?
False
Is 670433 composite?
True
Is 9215981 composite?
True
Is 4187171 a composite number?
True
Is 9542381 prime?
False
Is 8561297 composite?
False
Is 110838953 composite?
True
Is 484899769 a composite number?
False
Is 2239673 prime?
False
Is 5846257 a prime number?
False
Is 1215887 a prime number?
False
Is 6847033 a prime number?
True
Is 9385693 a prime number?
True
Is 38389049 a composite number?
True
Is 3954989 a composite number?
True
Is 492637 a prime number?
False
Is 1904947 a prime number?
False
Is 1130661341 a composite number?
True
Is 973321 a composite number?
False
Is 2752787 a composite number?
False
Is 21526979 a composite number?
False
Is 26965865 prime?
False
Is 22947851 prime?
True
Is 109090583 a prime number?
False
Is 850807 a prime number?
True
Is 12379931 composite?
False
Is 1416329 a composite number?
False
Is 314836097 a composite number?
False
Is 179816261 a prime number?
False
Is 4468669 a prime number?
False
Is 509540921 a composite number?
False
Is 23279345 a composite number?
True
Is 242395159 a prime number?
True
Is 7976753 a prime number?
True
Is 20373049 composite?
False
Is 1192454 a prime number?
False
Is 2172767 prime?
False
Is 110961649 a prime number?
True
Is 226217683 a prime number?
True
Is 36696203 composite?
False
Is 29933123 composite?
True
Is 77796857 prime?
False
Is 13600303 composite?
True
Is 6417563 a composite number?
False
Is 38741401 a composite number?
False
Is 19449991 prime?
False
Is 185677253 a composite number?
True
Is 24784163 prime?
True
Is 130792513 prime?
False
Is 37508587 composite?
False
Is 107998753 a prime number?
True
Is 26089 a prime number?
False
Is 14494066 a prime number?
False
Is 4578793 prime?
False
Is 113864771 a prime number?
False
Is 170405177 composite?
False
Is 3138907 composite?
True
Is 132300367 composite?
True
Is 1024223 composite?
True
Is 2693161 a composite number?
True
Is 306488077 prime?
False
Is 23189081 composite?
True
Is 8227033 a prime number?
True
Is 62828138 a prime number?
False
Is 6855307 prime?
True
Is 597794 prime?
False
Is 351816505 composite?
True
Is 28206957 a prime number?
False
Is 17551211 composite?
False
Is 24709673 a composite number?
True
Is 19562369 a composite number?
False
Is 1324483 a composite number?
True
Is 51120977 composite?
True
Is 10088059 a prime number?
False
Is 13617629 a prime number?
False
Is 23489462 prime?
False
Is 24368189 a composite number?
False
Is 19968437 a composite number?
False
Is 12328223 composite?
False
Is 14278142 a prime number?
False
Is 16771609 a prime number?
True
Is 4002877 composite?
False
Is 32826517 composite?
False
Is 163709527 a prime number?
False
Is 11679355 a composite number?
True
Is 28106077 a prime number?
True
Is 6893483 a composite number?
True
Is 124924603 a composite number?
False
Is 3771133 composite?
False
Is 84486763 composite?
False
Is 11706119 a prime number?
True
Is 63375673 composite?
False
Is 9455117 a composite number?
True
Is 4502283 a composite number?
True
Is 1939369 a prime num